{"id":9152,"date":"2026-04-30T12:15:21","date_gmt":"2026-04-30T11:15:21","guid":{"rendered":"https:\/\/dreamhomebudapest.com\/?post_type=property&#038;p=9152"},"modified":"2026-04-30T12:31:25","modified_gmt":"2026-04-30T11:31:25","slug":"felujitott-studiolakas-kiado-a-galamb-utcaban-kozel-a-duna-parthoz","status":"publish","type":"property","link":"https:\/\/dreamhomebudapest.com\/hu\/property\/rent-in-galamb-street\/","title":{"rendered":"Fel\u00faj\u00edtott st\u00fadi\u00f3lak\u00e1s kiad\u00f3 a Galamb utc\u00e1ban - k\u00f6zel a Duna-parthoz"},"content":{"rendered":"<p>Fel\u00faj\u00edtott st\u00fadi\u00f3lak\u00e1s kiad\u00f3 a Galamb utc\u00e1ban - k\u00f6zel a Duna-parthoz<\/p>\n<p>\ud83d\udd3aB\u00e9rleti d\u00edj: 240 000 Ft<br \/>\n\ud83d\udd3aAlapter\u00fclet: 35 m2<br \/>\n\ud83d\udd3aEmelet: 3<br \/>\n\ud83d\udd3aK\u00f6z\u00f6s k\u00f6lts\u00e9g: 19 103 Ft (v\u00edz- \u00e9s f\u0171t\u00e9sd\u00edjjal egy\u00fctt)<\/p>\n<p>Fel\u00faj\u00edtott st\u00fadi\u00f3lak\u00e1s kiad\u00f3 a Galamb utc\u00e1ban, a 3. emeleten, utc\u00e1ra n\u00e9z\u0151 kil\u00e1t\u00e1ssal, egy j\u00f3l karbantartott \u00e9s nagyon j\u00f3 \u00e1llapotban l\u00e9v\u0151 7 emeletes \u00e9p\u00fcletben. A lak\u00e1s ablakai csendes utc\u00e1ra n\u00e9znek.<\/p>\n<p>\ud83c\udfe2A lak\u00e1s \u2013 Kiad\u00f3 a Galamb utc\u00e1ban<\/p>\n<p>Ez egy teljesen b\u00fatorozott \u00e9s felszerelt lak\u00e1s.<\/p>\n<p>A nagy, utc\u00e1ra n\u00e9z\u0151 ablakok rengeteg term\u00e9szetes f\u00e9nyt engednek a t\u00e1gas helyis\u00e9gbe.<\/p>\n<p>A nappaliban TV, kanap\u00e9\u00e1gy \u00e9s \u00e9tkez\u0151asztal tal\u00e1lhat\u00f3, m\u00edg a m\u00e1sikban egy k\u00e9nyelmes francia\u00e1gy tal\u00e1lhat\u00f3, melyet egy kis polcrendszer v\u00e1laszt el egym\u00e1st\u00f3l, \u00edgy egy kellemes kis h\u00e1l\u00f3r\u00e9szt hozva l\u00e9tre. A f\u00fcrd\u0151szoba nemr\u00e9giben lett fel\u00faj\u00edtva, zuhanyz\u00f3val, mos\u00f3g\u00e9ppel \u00e9s elektromos bojlerrel rendelkezik. A vadonat\u00faj minikonyh\u00e1ban az alapvet\u0151 konyhai g\u00e9pek \u00e9s felszerel\u00e9sek mellett elektromos dupla t\u0171zhely, h\u0171t\u0151szekr\u00e9ny fagyaszt\u00f3val \u00e9s mikrohull\u00e1m\u00fa s\u00fct\u0151 is tal\u00e1lhat\u00f3.<\/p>\n<p>A k\u00f6zponti f\u0171t\u00e9s radi\u00e1torainak k\u00f6sz\u00f6nhet\u0151en a lak\u00e1s energiatakar\u00e9kos \u00e9s t\u00e9len is egyenletesen f\u0171t\u00f6tt.<\/p>\n<p>A minim\u00e1lis b\u00e9rleti id\u0151szak 1 \u00e9v, a szerz\u0151d\u00e9sk\u00f6t\u00e9shez 2 havi kauci\u00f3 \u00e9s 1 havi b\u00e9rleti d\u00edj sz\u00fcks\u00e9ges.<\/p>\n<p>\ud83d\udee3\ufe0f\ud83d\ude8aK\u00f6rny\u00e9k \u00e9s elhelyezked\u00e9s \u2013 Kiad\u00f3 lak\u00e1s a Galamb utc\u00e1ban<\/p>\n<p>A foly\u00f3parti s\u00e9t\u00e1ny mind\u00f6ssze n\u00e9h\u00e1ny perc s\u00e9t\u00e1ra tal\u00e1lhat\u00f3. A De\u00e1k Ferenc t\u00e9r, a v\u00e1ros f\u0151 k\u00f6zleked\u00e9si csom\u00f3pontja, ahol 3 metr\u00f3vonal \u00e9s sz\u00e1mos m\u00e1s csatlakoz\u00e1s tal\u00e1lkozik, 10 perc s\u00e9t\u00e1ra tal\u00e1lhat\u00f3. A V\u00f6r\u00f6smarty t\u00e9r, ahol a h\u00edres szezon\u00e1lis piacok tal\u00e1lhat\u00f3k, szint\u00e9n r\u00f6vid s\u00e9t\u00e1ra tal\u00e1lhat\u00f3. Budapest f\u0151 bev\u00e1s\u00e1rl\u00f3utc\u00e1ja, a V\u00e1ci utca p\u00e1rhuzamosan fut. Annak ellen\u00e9re, hogy k\u00f6zponti helyen van, a Galamb utca rendk\u00edv\u00fcl csendes, alig halad \u00e1t rajta a forgalom, mivel aut\u00f3val csak enged\u00e9llyel k\u00f6zel\u00edthet\u0151 meg.<\/p>","protected":false},"featured_media":9154,"template":"","meta":{"_acf_changed":false,"footnotes":""},"property-category":[10],"feature":[],"neighborhood":[26,322],"property_type":[],"class_list":["post-9152","property","type-property","status-publish","has-post-thumbnail","hentry","property-category-apartments","neighborhood-district-13","neighborhood-galamb-utca"],"acf":[],"_links":{"self":[{"href":"https:\/\/dreamhomebudapest.com\/hu\/wp-json\/wp\/v2\/property\/9152","targetHints":{"allow":["GET"]}}],"collection":[{"href":"https:\/\/dreamhomebudapest.com\/hu\/wp-json\/wp\/v2\/property"}],"about":[{"href":"https:\/\/dreamhomebudapest.com\/hu\/wp-json\/wp\/v2\/types\/property"}],"version-history":[{"count":3,"href":"https:\/\/dreamhomebudapest.com\/hu\/wp-json\/wp\/v2\/property\/9152\/revisions"}],"predecessor-version":[{"id":9175,"href":"https:\/\/dreamhomebudapest.com\/hu\/wp-json\/wp\/v2\/property\/9152\/revisions\/9175"}],"wp:featuredmedia":[{"embeddable":true,"href":"https:\/\/dreamhomebudapest.com\/hu\/wp-json\/wp\/v2\/media\/9154"}],"wp:attachment":[{"href":"https:\/\/dreamhomebudapest.com\/hu\/wp-json\/wp\/v2\/media?parent=9152"}],"wp:term":[{"taxonomy":"property-category","embeddable":true,"href":"https:\/\/dreamhomebudapest.com\/hu\/wp-json\/wp\/v2\/property-category?post=9152"},{"taxonomy":"feature","embeddable":true,"href":"https:\/\/dreamhomebudapest.com\/hu\/wp-json\/wp\/v2\/feature?post=9152"},{"taxonomy":"neighborhood","embeddable":true,"href":"https:\/\/dreamhomebudapest.com\/hu\/wp-json\/wp\/v2\/neighborhood?post=9152"},{"taxonomy":"property_type","embeddable":true,"href":"https:\/\/dreamhomebudapest.com\/hu\/wp-json\/wp\/v2\/property_type?post=9152"}],"curies":[{"name":"wp","href":"https:\/\/api.w.org\/{rel}","templated":true}]}}

Felújított stúdiólakás kiadó a Galamb utcában - közel a Duna-parthoz

<p>Felújított stúdiólakás kiadó a Galamb utcában - közel a Duna-parthoz</p>
<p>🔺Bérleti díj: 240 000 Ft<br />
🔺Alapterület: 35 m2<br />
🔺Emelet: 3<br />
🔺Közös költség: 19 103 Ft (víz- és fűtésdíjjal együtt)</p>
<p>Felújított stúdiólakás kiadó a Galamb utcában, a 3. emeleten, utcára néző kilátással, egy jól karbantartott és nagyon jó állapotban lévő 7 emeletes épületben. A lakás ablakai csendes utcára néznek.</p>
<p>🏢A lakás – Kiadó a Galamb utcában</p>
<p>Ez egy teljesen bútorozott és felszerelt lakás.</p>
<p>A nagy, utcára néző ablakok rengeteg természetes fényt engednek a tágas helyiségbe.</p>
<p>A nappaliban TV, kanapéágy és étkezőasztal található, míg a másikban egy kényelmes franciaágy található, melyet egy kis polcrendszer választ el egymástól, így egy kellemes kis hálórészt hozva létre. A fürdőszoba nemrégiben lett felújítva, zuhanyzóval, mosógéppel és elektromos bojlerrel rendelkezik. A vadonatúj minikonyhában az alapvető konyhai gépek és felszerelések mellett elektromos dupla tűzhely, hűtőszekrény fagyasztóval és mikrohullámú sütő is található.</p>
<p>A központi fűtés radiátorainak köszönhetően a lakás energiatakarékos és télen is egyenletesen fűtött.</p>
<p>A minimális bérleti időszak 1 év, a szerződéskötéshez 2 havi kaució és 1 havi bérleti díj szükséges.</p>
<p>🛣️🚊Környék és elhelyezkedés – Kiadó lakás a Galamb utcában</p>
<p>A folyóparti sétány mindössze néhány perc sétára található. A Deák Ferenc tér, a város fő közlekedési csomópontja, ahol 3 metróvonal és számos más csatlakozás találkozik, 10 perc sétára található. A Vörösmarty tér, ahol a híres szezonális piacok találhatók, szintén rövid sétára található. Budapest fő bevásárlóutcája, a Váci utca párhuzamosan fut. Annak ellenére, hogy központi helyen van, a Galamb utca rendkívül csendes, alig halad át rajta a forgalom, mivel autóval csak engedéllyel közelíthető meg.</p>
