{"id":8885,"date":"2026-04-07T14:28:08","date_gmt":"2026-04-07T13:28:08","guid":{"rendered":"https:\/\/dreamhomebudapest.com\/?post_type=property&#038;p=8885"},"modified":"2026-04-08T10:26:12","modified_gmt":"2026-04-08T09:26:12","slug":"szep-garzonlakas-kiado-a-vig-utcaban","status":"publish","type":"property","link":"https:\/\/dreamhomebudapest.com\/hu\/property\/rent-in-vig-street-studio-flat\/","title":{"rendered":"Sz\u00e9p Garzonlak\u00e1s Kiad\u00f3 a V\u00edg utc\u00e1ban"},"content":{"rendered":"<p>Sz\u00e9p Garzonlak\u00e1s Kiad\u00f3 a V\u00edg utc\u00e1ban | VIII. ker\u00fclet, Budapest | Blaha Lujza t\u00e9r k\u00f6zel\u00e9ben | Teljesen B\u00fatorozott<\/p>\n<p>\ud83d\udd34 B\u00e9rleti d\u00edj: 200 000 Ft<br \/>\n\ud83d\udd34 M\u00e9ret: 30 nm + 3 nm Erk\u00e9ly<br \/>\n\ud83d\udd34 Emelet: 2<br \/>\n\ud83d\udd34 L\u00e9gkondicion\u00e1l\u00f3val<br \/>\n\ud83d\udd34 K\u00f6z\u00f6s k\u00f6lts\u00e9g: 11 500 Ft<\/p>\n<p>\ud83d\udd34Internet m\u00e1r be van \u00e9p\u00edtve<\/p>\n<p>Sz\u00e9p Garzonlak\u00e1s kiad\u00f3 a Blaha Lujza t\u00e9r k\u00f6zel\u00e9ben, Budapest VIII. ker\u00fclet\u00e9ben. A lak\u00e1s a 2. emeleten tal\u00e1lhat\u00f3, utc\u00e1ra n\u00e9z, \u00e9s k\u00e9nyelmes \u00e9letteret k\u00edn\u00e1l a v\u00e1ros egyik legdinamikusabb lak\u00f3\u00f6vezet\u00e9ben.<\/p>\n<p>\ud83c\udfe2Lak\u00e1s Jellemz\u0151k \u2013 V\u00edg utc\u00e1ban<\/p>\n<p>A lak\u00e1s vil\u00e1gos nappalival, amerikai konyh\u00e1val, f\u00fcrd\u0151szob\u00e1val \u00e9s erk\u00e9llyel rendelkezik.<\/p>\n<p>A lak\u00e1s teljesen b\u00fatorozott \u00e9s l\u00e9gkondicion\u00e1l\u00f3val felszerelt, \u00edgy ide\u00e1lis hossz\u00fa t\u00e1v\u00fa k\u00e9nyelmes lakhat\u00e1sra.<\/p>\n<p>Az elrendez\u00e9s j\u00f3l megtervezett, t\u00e1gas teret biztos\u00edt.<\/p>\n<p>A konyha teljesen felszerelt, a lak\u00e1s pedig hangulatos, m\u00e9gis funkcion\u00e1lis lak\u00f3k\u00f6rnyezetet k\u00edn\u00e1l.<\/p>\n<p>A minim\u00e1lis b\u00e9rleti id\u0151szak 12 h\u00f3nap. A lak\u00e1s biztos\u00edt\u00e1s\u00e1hoz az els\u0151 havi b\u00e9rleti d\u00edj \u00e9s k\u00e9thavi kauci\u00f3 sz\u00fcks\u00e9ges.<\/p>\n<p>\ud83d\udccd\ud83c\udfe2Elhelyezked\u00e9si el\u0151ny\u00f6k \u2013 V\u00edg utc\u00e1ban<\/p>\n<p>Ez a sz\u00e9p kiad\u00f3 lak\u00e1s a V\u00edg utc\u00e1ban igaz\u00e1n j\u00f3 k\u00f6zponti helyen tal\u00e1lhat\u00f3, a Blaha Lujza saure k\u00f6zel\u00e9ben, \u00e9s a R\u00e1k\u00f3czi t\u00e9r, \u00fczletek, \u00e9ttermek, k\u00e1v\u00e9z\u00f3k, fitneszk\u00f6zpont mind gyalogosan el\u00e9rhet\u0151 t\u00e1vols\u00e1gban vannak.<\/p>\n<p>A t\u00f6megk\u00f6zleked\u00e9si lehet\u0151s\u00e9gek kiv\u00e1l\u00f3ak: az M2-es \u00e9s a 4-es metr\u00f3, valamint a 4-es \u00e9s 6-os villamos mind\u00f6ssze n\u00e9h\u00e1ny perc s\u00e9t\u00e1ra tal\u00e1lhat\u00f3.<\/p>\n<p>Ezek a villamosvonalak a nap 24 \u00f3r\u00e1j\u00e1ban, a h\u00e9t minden napj\u00e1n k\u00f6zlekednek, \u00edgy a v\u00e1ros minden r\u00e9sze k\u00f6nnyen megk\u00f6zel\u00edthet\u0151.<\/p>","protected":false},"featured_media":8889,"template":"","meta":{"_acf_changed":false,"footnotes":""},"property-category":[10],"feature":[4,8,69,262,255,261,6,127,46,174,74,75,76,77,52,78,80,79],"neighborhood":[21,311],"property_type":[2],"class_list":["post-8885","property","type-property","status-publish","has-post-thumbnail","hentry","property-category-apartments","feature-air-conditioner","feature-balcony","feature-bath-tub","feature-close-to-metro-2","feature-close-to-metro-4","feature-close-to-tram-4-6","feature-elevator","feature-fridge","feature-furnished","feature-great-public-transport","feature-iron","feature-iron-board","feature-microwave","feature-near-to-universities","feature-newly-built","feature-vacuum-cleaner","feature-wardrobe","feature-washing-machine","neighborhood-district-8","neighborhood-vig-utca","property_type-rentals"],"acf":[],"_links":{"self":[{"href":"https:\/\/dreamhomebudapest.com\/hu\/wp-json\/wp\/v2\/property\/8885","targetHints":{"allow":["GET"]}}],"collection":[{"href":"https:\/\/dreamhomebudapest.com\/hu\/wp-json\/wp\/v2\/property"}],"about":[{"href":"https:\/\/dreamhomebudapest.com\/hu\/wp-json\/wp\/v2\/types\/property"}],"version-history":[{"count":3,"href":"https:\/\/dreamhomebudapest.com\/hu\/wp-json\/wp\/v2\/property\/8885\/revisions"}],"predecessor-version":[{"id":8899,"href":"https:\/\/dreamhomebudapest.com\/hu\/wp-json\/wp\/v2\/property\/8885\/revisions\/8899"}],"wp:featuredmedia":[{"embeddable":true,"href":"https:\/\/dreamhomebudapest.com\/hu\/wp-json\/wp\/v2\/media\/8889"}],"wp:attachment":[{"href":"https:\/\/dreamhomebudapest.com\/hu\/wp-json\/wp\/v2\/media?parent=8885"}],"wp:term":[{"taxonomy":"property-category","embeddable":true,"href":"https:\/\/dreamhomebudapest.com\/hu\/wp-json\/wp\/v2\/property-category?post=8885"},{"taxonomy":"feature","embeddable":true,"href":"https:\/\/dreamhomebudapest.com\/hu\/wp-json\/wp\/v2\/feature?post=8885"},{"taxonomy":"neighborhood","embeddable":true,"href":"https:\/\/dreamhomebudapest.com\/hu\/wp-json\/wp\/v2\/neighborhood?post=8885"},{"taxonomy":"property_type","embeddable":true,"href":"https:\/\/dreamhomebudapest.com\/hu\/wp-json\/wp\/v2\/property_type?post=8885"}],"curies":[{"name":"wp","href":"https:\/\/api.w.org\/{rel}","templated":true}]}}

Szép Garzonlakás Kiadó a Víg utcában

<p>Szép Garzonlakás Kiadó a Víg utcában | VIII. kerület, Budapest | Blaha Lujza tér közelében | Teljesen Bútorozott</p>
<p>🔴 Bérleti díj: 200 000 Ft<br />
🔴 Méret: 30 nm + 3 nm Erkély<br />
🔴 Emelet: 2<br />
🔴 Légkondicionálóval<br />
🔴 Közös költség: 11 500 Ft</p>
<p>🔴Internet már be van építve</p>
<p>Szép Garzonlakás kiadó a Blaha Lujza tér közelében, Budapest VIII. kerületében. A lakás a 2. emeleten található, utcára néz, és kényelmes életteret kínál a város egyik legdinamikusabb lakóövezetében.</p>
<p>🏢Lakás Jellemzők – Víg utcában</p>
<p>A lakás világos nappalival, amerikai konyhával, fürdőszobával és erkéllyel rendelkezik.</p>
<p>A lakás teljesen bútorozott és légkondicionálóval felszerelt, így ideális hosszú távú kényelmes lakhatásra.</p>
<p>Az elrendezés jól megtervezett, tágas teret biztosít.</p>
<p>A konyha teljesen felszerelt, a lakás pedig hangulatos, mégis funkcionális lakókörnyezetet kínál.</p>
<p>A minimális bérleti időszak 12 hónap. A lakás biztosításához az első havi bérleti díj és kéthavi kaució szükséges.</p>
<p>📍🏢Elhelyezkedési előnyök – Víg utcában</p>
<p>Ez a szép kiadó lakás a Víg utcában igazán jó központi helyen található, a Blaha Lujza saure közelében, és a Rákóczi tér, üzletek, éttermek, kávézók, fitneszközpont mind gyalogosan elérhető távolságban vannak.</p>
<p>A tömegközlekedési lehetőségek kiválóak: az M2-es és a 4-es metró, valamint a 4-es és 6-os villamos mindössze néhány perc sétára található.</p>
<p>Ezek a villamosvonalak a nap 24 órájában, a hét minden napján közlekednek, így a város minden része könnyen megközelíthető.</p>
