{"id":8155,"date":"2026-02-24T13:57:54","date_gmt":"2026-02-24T12:57:54","guid":{"rendered":"https:\/\/dreamhomebudapest.com\/?post_type=property&#038;p=8155"},"modified":"2026-04-07T14:55:37","modified_gmt":"2026-04-07T13:55:37","slug":"felujitott-studiolakas-kiado-a-dessewffy-utcaban-a-nyugati-palyaudvar-kozeleben","status":"publish","type":"property","link":"https:\/\/dreamhomebudapest.com\/hu\/property\/rent-close-to-nyugati\/","title":{"rendered":"Fel\u00faj\u00edtott st\u00fadi\u00f3lak\u00e1s kiad\u00f3 a Dessewffy utc\u00e1ban - a Nyugati p\u00e1lyaudvar k\u00f6zel\u00e9ben"},"content":{"rendered":"<p>Fel\u00faj\u00edtott st\u00fadi\u00f3lak\u00e1s kiad\u00f3 a Dessewffy utc\u00e1ban - a Nyugati p\u00e1lyaudvar k\u00f6zel\u00e9ben<\/p>\n<p>Erk\u00e9ly | L\u00e9gkondicion\u00e1l\u00f3 | VI. ker\u00fclet, Budapest | L\u00e9gkondicion\u00e1l\u00f3 | TV | Internet | K\u00e1v\u00e9f\u0151z\u0151 | H\u00e1zi\u00e1llatbar\u00e1t<\/p>\n<p>\ud83d\udd34 B\u00e9rleti d\u00edj: 260 000 Ft<br \/>\n\ud83d\udd34 M\u00e9ret: 28 m\u00b2 + 6 m\u00b2 Erk\u00e9ly<br \/>\n\ud83d\udd34 Emelet: 1<br \/>\n\ud83d\udd34 Teljesen fel\u00faj\u00edtott \u00e9s b\u00fatorozott<br \/>\n\ud83d\udd34 L\u00e9gkondicion\u00e1l\u00f3<br \/>\n\ud83d\udd34 K\u00f6z\u00f6s k\u00f6lts\u00e9g: 11 500 Ft \/ h\u00f3<\/p>\n<p>Kiad\u00f3 st\u00fadi\u00f3lak\u00e1s a Nyugati p\u00e1lyaudvar k\u00f6zel\u00e9ben, a Dessewffy utc\u00e1ban, Budapest n\u00e9pszer\u0171 VI. ker\u00fclet\u00e9ben. A lak\u00e1s az 1. emeleten tal\u00e1lhat\u00f3, d\u00e9li fekv\u00e9s\u0171, az utc\u00e1ra n\u00e9z.<\/p>\n<p>\ud83c\udfe2A lak\u00e1s:<\/p>\n<p>A lak\u00e1s teljesen b\u00fatorozott \u00e9s felszerelt, l\u00e9gkondicion\u00e1l\u00f3val, TV-vel \u00e9s internettel is rendelkezik.<\/p>\n<p>Ez a Nyugati k\u00f6zel\u00e9ben kiad\u00f3 st\u00fadi\u00f3lak\u00e1s k\u00fcl\u00f6n h\u00e1l\u00f3szob\u00e1val ell\u00e1tott nappalival, k\u00fcl\u00f6n konyh\u00e1val, f\u00fcrd\u0151szob\u00e1val \u00e9s terasszal rendelkezik. A lak\u00e1s \u00edzl\u00e9sesen berendezett \u00e9s felszerelt, k\u00e9nyelmes \u00e9s modern \u00e9letteret biztos\u00edtva.<\/p>\n<p>A f\u0171t\u00e9st k\u00f6zponti f\u0171t\u00e9s biztos\u00edtja.<\/p>\n<p>H\u00e1zi\u00e1llatok egyeztet\u00e9s alapj\u00e1n enged\u00e9lyezettek!<\/p>\n<p>Takar\u00edt\u00e1s a b\u00e9rleti id\u0151szak alatt k\u00e9r\u00e9sre el\u00e9rhet\u0151.<\/p>\n<p>A minim\u00e1lis b\u00e9rleti id\u0151szak 12 h\u00f3nap. A lak\u00e1s b\u00e9rl\u00e9s\u00e9hez 1 havi b\u00e9rleti d\u00edj \u00e9s 2 havi kauci\u00f3 sz\u00fcks\u00e9ges.<\/p>\n<p>\ud83d\ude8aElhelyezked\u00e9s \u00e9s k\u00f6zleked\u00e9s<\/p>\n<p>Ez a Nyugati k\u00f6zel\u00e9ben kiad\u00f3 st\u00fadi\u00f3lak\u00e1s kiv\u00e1l\u00f3 k\u00f6zponti helyen tal\u00e1lhat\u00f3, k\u00f6zel a t\u00f6megk\u00f6zleked\u00e9shez, az M3-as metr\u00f3vonal \u00e9s sz\u00e1mos buszj\u00e1rat is mind\u00f6ssze n\u00e9h\u00e1ny perc s\u00e9t\u00e1ra tal\u00e1lhat\u00f3.<\/p>\n<p>Sz\u00e1mos \u00fczlet, k\u00e1v\u00e9z\u00f3 \u00e9s szolg\u00e1ltat\u00e1s tal\u00e1lhat\u00f3 a k\u00f6zelben, \u00edgy a mindennapi \u00e9let k\u00e9nyelmes \u00e9s pezsg\u0151.<\/p>\n<p>A Westend City Center gyalogosan is el\u00e9rhet\u0151.<\/p>","protected":false},"featured_media":8157,"template":"","meta":{"_acf_changed":false,"footnotes":""},"property-category":[10],"feature":[4,8,115,166,45,6,127,46,174,74,75,70,76,77,49,103,78,80,79],"neighborhood":[20,19],"property_type":[2],"class_list":["post-8155","property","type-property","status-publish","has-post-thumbnail","hentry","property-category-apartments","feature-air-conditioner","feature-balcony","feature-classical-building","feature-close-to-metro3-station","feature-downtown","feature-elevator","feature-fridge","feature-furnished","feature-great-public-transport","feature-iron","feature-iron-board","feature-lcd-tv","feature-microwave","feature-near-to-universities","feature-renovated-apartment","feature-shower","feature-vacuum-cleaner","feature-wardrobe","feature-washing-machine","neighborhood-district-7","neighborhood-district-6","property_type-rentals"],"acf":[],"_links":{"self":[{"href":"https:\/\/dreamhomebudapest.com\/hu\/wp-json\/wp\/v2\/property\/8155","targetHints":{"allow":["GET"]}}],"collection":[{"href":"https:\/\/dreamhomebudapest.com\/hu\/wp-json\/wp\/v2\/property"}],"about":[{"href":"https:\/\/dreamhomebudapest.com\/hu\/wp-json\/wp\/v2\/types\/property"}],"version-history":[{"count":4,"href":"https:\/\/dreamhomebudapest.com\/hu\/wp-json\/wp\/v2\/property\/8155\/revisions"}],"predecessor-version":[{"id":8173,"href":"https:\/\/dreamhomebudapest.com\/hu\/wp-json\/wp\/v2\/property\/8155\/revisions\/8173"}],"wp:featuredmedia":[{"embeddable":true,"href":"https:\/\/dreamhomebudapest.com\/hu\/wp-json\/wp\/v2\/media\/8157"}],"wp:attachment":[{"href":"https:\/\/dreamhomebudapest.com\/hu\/wp-json\/wp\/v2\/media?parent=8155"}],"wp:term":[{"taxonomy":"property-category","embeddable":true,"href":"https:\/\/dreamhomebudapest.com\/hu\/wp-json\/wp\/v2\/property-category?post=8155"},{"taxonomy":"feature","embeddable":true,"href":"https:\/\/dreamhomebudapest.com\/hu\/wp-json\/wp\/v2\/feature?post=8155"},{"taxonomy":"neighborhood","embeddable":true,"href":"https:\/\/dreamhomebudapest.com\/hu\/wp-json\/wp\/v2\/neighborhood?post=8155"},{"taxonomy":"property_type","embeddable":true,"href":"https:\/\/dreamhomebudapest.com\/hu\/wp-json\/wp\/v2\/property_type?post=8155"}],"curies":[{"name":"wp","href":"https:\/\/api.w.org\/{rel}","templated":true}]}}

Felújított stúdiólakás kiadó a Dessewffy utcában - a Nyugati pályaudvar közelében

<p>Felújított stúdiólakás kiadó a Dessewffy utcában - a Nyugati pályaudvar közelében</p>
<p>Erkély | Légkondicionáló | VI. kerület, Budapest | Légkondicionáló | TV | Internet | Kávéfőző | Háziállatbarát</p>
<p>🔴 Bérleti díj: 260 000 Ft<br />
🔴 Méret: 28 m² + 6 m² Erkély<br />
🔴 Emelet: 1<br />
🔴 Teljesen felújított és bútorozott<br />
🔴 Légkondicionáló<br />
🔴 Közös költség: 11 500 Ft / hó</p>
<p>Kiadó stúdiólakás a Nyugati pályaudvar közelében, a Dessewffy utcában, Budapest népszerű VI. kerületében. A lakás az 1. emeleten található, déli fekvésű, az utcára néz.</p>
<p>🏢A lakás:</p>
<p>A lakás teljesen bútorozott és felszerelt, légkondicionálóval, TV-vel és internettel is rendelkezik.</p>
<p>Ez a Nyugati közelében kiadó stúdiólakás külön hálószobával ellátott nappalival, külön konyhával, fürdőszobával és terasszal rendelkezik. A lakás ízlésesen berendezett és felszerelt, kényelmes és modern életteret biztosítva.</p>
<p>A fűtést központi fűtés biztosítja.</p>
<p>Háziállatok egyeztetés alapján engedélyezettek!</p>
<p>Takarítás a bérleti időszak alatt kérésre elérhető.</p>
<p>A minimális bérleti időszak 12 hónap. A lakás bérléséhez 1 havi bérleti díj és 2 havi kaució szükséges.</p>
<p>🚊Elhelyezkedés és közlekedés</p>
<p>Ez a Nyugati közelében kiadó stúdiólakás kiváló központi helyen található, közel a tömegközlekedéshez, az M3-as metróvonal és számos buszjárat is mindössze néhány perc sétára található.</p>
<p>Számos üzlet, kávézó és szolgáltatás található a közelben, így a mindennapi élet kényelmes és pezsgő.</p>
<p>A Westend City Center gyalogosan is elérhető.</p>
