{"id":2759,"date":"2025-03-24T12:53:45","date_gmt":"2025-03-24T11:53:45","guid":{"rendered":"https:\/\/dreamhomebudapest.com\/?post_type=property&#038;p=2759"},"modified":"2025-06-11T13:05:35","modified_gmt":"2025-06-11T12:05:35","slug":"tagas-polgari-2-szobas-lakas-elado-a-belvarosban-v-keruletben","status":"publish","type":"property","link":"https:\/\/dreamhomebudapest.com\/hu\/property\/classical-spacious-one-bedroom-apartment-for-sale-in-downtown-district-v\/","title":{"rendered":"T\u00e1gas, polg\u00e1ri, 2 szob\u00e1s lak\u00e1s ELAD\u00d3 a belv\u00e1rosban, V. ker\u00fcletben"},"content":{"rendered":"<p>K\u00dcL\u00d6NLEGES \u00c9KSZER A BELV\u00c1ROS SZ\u00cdV\u00c9BEN<br \/>\nElad\u00e1sra k\u00edn\u00e1lunk egy 61 m\u00b2-es, 2 \u00e9s f\u00e9l szob\u00e1s lak\u00e1st a belv\u00e1ros sz\u00edv\u00e9ben, a N\u00e1dor utca \u00e9s az Arany J\u00e1nos utca sark\u00e1n, csup\u00e1n p\u00e1r l\u00e9p\u00e9sre a Szabads\u00e1g t\u00e9rt\u0151l \u00e9s a Duna partj\u00e1t\u00f3l, az V. ker\u00fcletben.<br \/>\nA lak\u00e1s remek elrendez\u00e9s\u0171, vil\u00e1gos \u00e9s d\u00e9l-keleti t\u00e1jol\u00e1s\u00fa, k\u00f6zepes \u00e1llapot\u00fa, polg\u00e1ri st\u00edlus\u00fa ingatlan, mely az els\u0151 emeleten tal\u00e1lhat\u00f3. A nappaliban frissen cser\u00e9lt termo\u00fcveg ablakok \u00e9s sz\u00e9p fapadl\u00f3 parketta v\u00e1rja az \u00faj lak\u00f3kat. A lak\u00e1s belmagass\u00e1ga 4,6 m\u00e9ter, kiv\u00e1l\u00f3an alkalmas ak\u00e1r gal\u00e9ria be\u00e9p\u00edt\u00e9s\u00e9re is, a f\u0171t\u00e9st pedig egy \u00faj kondenz\u00e1ci\u00f3s g\u00e1zkaz\u00e1n biztos\u00edtja.<\/p>\n<p>Az el\u0151t\u00e9rb\u0151l jobbra a fel\u00faj\u00edtott f\u00fcrd\u0151szoba, balra pedig egy csendes h\u00e1l\u00f3szoba tal\u00e1lhat\u00f3, mely a bels\u0151 udvarra n\u00e9z. Tov\u00e1bb haladva a konyha \u00e9s egy t\u00e1gas \u00e9tkez\u0151 helyis\u00e9g k\u00f6vetkezik, majd bel\u00e9phet\u00fcnk a t\u00e1gas, 31 nm-es nappaliba, amely ajt\u00f3val elz\u00e1rhat\u00f3. A nappali ablaka az utc\u00e1ra n\u00e9z, \u00edgy a d\u00e9lkeleti t\u00e1jol\u00e1snak k\u00f6sz\u00f6nhet\u0151en eg\u00e9sz nap vil\u00e1gos, naps\u00fct\u00e9ses.<br \/>\nA k\u00f6z\u00f6s k\u00f6lts\u00e9g 29 232 Ft, amib\u0151l 16 632 Ft a fel\u00faj\u00edt\u00e1si alap.<\/p>\n<p>Az \u00e9p\u00fclet polg\u00e1ri st\u00edlus\u00fa, romantikus hangulat\u00fa, eredeti k\u0151l\u00e9pcs\u0151vel, \u00e9s lift is tal\u00e1lhat\u00f3 benne.<br \/>\nA k\u00f6rny\u00e9ken sz\u00e1mos \u00e9tterem \u00e9s k\u00e1v\u00e9z\u00f3 v\u00e1rja a l\u00e1togat\u00f3kat, a Szabads\u00e1g t\u00e9ri park mind\u00f6ssze egy sarokra tal\u00e1lhat\u00f3. A h\u00edres Hajas szalon k\u00f6zvetlen\u00fcl a bej\u00e1rat mellett helyezkedik el. Kiv\u00e1l\u00f3 k\u00f6zleked\u00e9si lehet\u0151s\u00e9gek: a 2-es villamos meg\u00e1ll\u00f3ja 2 perc s\u00e9t\u00e1ra, m\u00edg az Arany J\u00e1nos t\u00e9ri 3-as metr\u00f3meg\u00e1ll\u00f3 5 percnyire van.<\/p>\n<p>Ne hagyja ki ezt a k\u00fcl\u00f6nleges lehet\u0151s\u00e9get! J\u00f6jj\u00f6n \u00e9s tekintse meg ezt a leny\u0171g\u00f6z\u0151 lak\u00e1st, amely fel\u00faj\u00edtott \u00e1llapot\u00e1nak k\u00f6sz\u00f6nhet\u0151en val\u00f3di kast\u00e9lyhangulatot \u00e1raszt. Kiv\u00e1l\u00f3 befektet\u00e9si lehet\u0151s\u00e9g is, mivel a k\u00f6rny\u00e9ken sz\u00e1mos miniszt\u00e9riumi munkat\u00e1rs \u00e9s k\u00fclf\u00f6ldi dolgoz\u00f3 keres lak\u00e1st, teh\u00e1t magas \u00e1ron kiadhat\u00f3 alb\u00e9rletbe is.<\/p>","protected":false},"featured_media":2760,"template":"","meta":{"_acf_changed":false,"footnotes":""},"property-category":[10],"feature":[115,45,116],"neighborhood":[18],"property_type":[3],"class_list":["post-2759","property","type-property","status-publish","has-post-thumbnail","hentry","property-category-apartments","feature-classical-building","feature-downtown","feature-next-to-danube-river","neighborhood-district-5","property_type-sales"],"acf":[],"_links":{"self":[{"href":"https:\/\/dreamhomebudapest.com\/hu\/wp-json\/wp\/v2\/property\/2759","targetHints":{"allow":["GET"]}}],"collection":[{"href":"https:\/\/dreamhomebudapest.com\/hu\/wp-json\/wp\/v2\/property"}],"about":[{"href":"https:\/\/dreamhomebudapest.com\/hu\/wp-json\/wp\/v2\/types\/property"}],"version-history":[{"count":6,"href":"https:\/\/dreamhomebudapest.com\/hu\/wp-json\/wp\/v2\/property\/2759\/revisions"}],"predecessor-version":[{"id":4259,"href":"https:\/\/dreamhomebudapest.com\/hu\/wp-json\/wp\/v2\/property\/2759\/revisions\/4259"}],"wp:featuredmedia":[{"embeddable":true,"href":"https:\/\/dreamhomebudapest.com\/hu\/wp-json\/wp\/v2\/media\/2760"}],"wp:attachment":[{"href":"https:\/\/dreamhomebudapest.com\/hu\/wp-json\/wp\/v2\/media?parent=2759"}],"wp:term":[{"taxonomy":"property-category","embeddable":true,"href":"https:\/\/dreamhomebudapest.com\/hu\/wp-json\/wp\/v2\/property-category?post=2759"},{"taxonomy":"feature","embeddable":true,"href":"https:\/\/dreamhomebudapest.com\/hu\/wp-json\/wp\/v2\/feature?post=2759"},{"taxonomy":"neighborhood","embeddable":true,"href":"https:\/\/dreamhomebudapest.com\/hu\/wp-json\/wp\/v2\/neighborhood?post=2759"},{"taxonomy":"property_type","embeddable":true,"href":"https:\/\/dreamhomebudapest.com\/hu\/wp-json\/wp\/v2\/property_type?post=2759"}],"curies":[{"name":"wp","href":"https:\/\/api.w.org\/{rel}","templated":true}]}}

Tágas, polgári, 2 szobás lakás ELADÓ a belvárosban, V. kerületben

<p>KÜLÖNLEGES ÉKSZER A BELVÁROS SZÍVÉBEN<br />
Eladásra kínálunk egy 61 m²-es, 2 és fél szobás lakást a belváros szívében, a Nádor utca és az Arany János utca sarkán, csupán pár lépésre a Szabadság tértől és a Duna partjától, az V. kerületben.<br />
A lakás remek elrendezésű, világos és dél-keleti tájolású, közepes állapotú, polgári stílusú ingatlan, mely az első emeleten található. A nappaliban frissen cserélt termoüveg ablakok és szép fapadló parketta várja az új lakókat. A lakás belmagassága 4,6 méter, kiválóan alkalmas akár galéria beépítésére is, a fűtést pedig egy új kondenzációs gázkazán biztosítja.</p>
<p>Az előtérből jobbra a felújított fürdőszoba, balra pedig egy csendes hálószoba található, mely a belső udvarra néz. Tovább haladva a konyha és egy tágas étkező helyiség következik, majd beléphetünk a tágas, 31 nm-es nappaliba, amely ajtóval elzárható. A nappali ablaka az utcára néz, így a délkeleti tájolásnak köszönhetően egész nap világos, napsütéses.<br />
A közös költség 29 232 Ft, amiből 16 632 Ft a felújítási alap.</p>
<p>Az épület polgári stílusú, romantikus hangulatú, eredeti kőlépcsővel, és lift is található benne.<br />
A környéken számos étterem és kávézó várja a látogatókat, a Szabadság téri park mindössze egy sarokra található. A híres Hajas szalon közvetlenül a bejárat mellett helyezkedik el. Kiváló közlekedési lehetőségek: a 2-es villamos megállója 2 perc sétára, míg az Arany János téri 3-as metrómegálló 5 percnyire van.</p>
<p>Ne hagyja ki ezt a különleges lehetőséget! Jöjjön és tekintse meg ezt a lenyűgöző lakást, amely felújított állapotának köszönhetően valódi kastélyhangulatot áraszt. Kiváló befektetési lehetőség is, mivel a környéken számos minisztériumi munkatárs és külföldi dolgozó keres lakást, tehát magas áron kiadható albérletbe is.</p>
